{"id":8,"date":"2007-10-04T19:57:54","date_gmt":"2007-10-04T17:57:54","guid":{"rendered":"http:\/\/www.woydt.be\/blog\/?page_id=8"},"modified":"2024-07-14T15:20:10","modified_gmt":"2024-07-14T14:20:10","slug":"fragen","status":"publish","type":"page","link":"https:\/\/www.woydt.be\/blog\/?page_id=8","title":{"rendered":"Fragen, die ich Euch schon immer einmal stellen wollte"},"content":{"rendered":"<p>&#8230; die ich Euch schon immer einmal stellen wollte. Kleine, gr\u00f6\u00dfere und ganz gro\u00dfe Fragen, die mich besch\u00e4ftigen (im Moment oder generell). Freue mich riesig \u00fcber alle Antworten, Antwortversuche, Literaturhinweise und Kommentare. Auch dies war ein &#8220;Blog avant la lettre&#8221; &#8211; vielen Dank an alle, die mir im Laufe der Jahre per Email geantwortet haben. Jetzt geht es einfacher!<\/p>\n<p align=\"center\"><a href=\"https:\/\/www.woydt.be\/blog\/?cat=4\"><strong><br \/>\nzur Fragenliste <\/strong><\/a><\/p>\n","protected":false},"excerpt":{"rendered":"<p>&#8230; die ich Euch schon immer einmal stellen wollte. Kleine, gr\u00f6\u00dfere und ganz gro\u00dfe Fragen, die mich besch\u00e4ftigen (im Moment oder generell). Freue mich riesig \u00fcber alle Antworten, Antwortversuche, Literaturhinweise und Kommentare. Auch dies war ein &#8220;Blog avant la lettre&#8221; &#8211; vielen Dank an alle, die mir im Laufe der Jahre per Email geantwortet haben. [&hellip;]<\/p>\n","protected":false},"author":2,"featured_media":0,"parent":0,"menu_order":0,"comment_status":"open","ping_status":"closed","template":"","meta":[],"_links":{"self":[{"href":"https:\/\/www.woydt.be\/blog\/index.php?rest_route=\/wp\/v2\/pages\/8"}],"collection":[{"href":"https:\/\/www.woydt.be\/blog\/index.php?rest_route=\/wp\/v2\/pages"}],"about":[{"href":"https:\/\/www.woydt.be\/blog\/index.php?rest_route=\/wp\/v2\/types\/page"}],"author":[{"embeddable":true,"href":"https:\/\/www.woydt.be\/blog\/index.php?rest_route=\/wp\/v2\/users\/2"}],"replies":[{"embeddable":true,"href":"https:\/\/www.woydt.be\/blog\/index.php?rest_route=%2Fwp%2Fv2%2Fcomments&post=8"}],"version-history":[{"count":1,"href":"https:\/\/www.woydt.be\/blog\/index.php?rest_route=\/wp\/v2\/pages\/8\/revisions"}],"predecessor-version":[{"id":5282,"href":"https:\/\/www.woydt.be\/blog\/index.php?rest_route=\/wp\/v2\/pages\/8\/revisions\/5282"}],"wp:attachment":[{"href":"https:\/\/www.woydt.be\/blog\/index.php?rest_route=%2Fwp%2Fv2%2Fmedia&parent=8"}],"curies":[{"name":"wp","href":"https:\/\/api.w.org\/{rel}","templated":true}]}}